vided by 1 + 1 - (-2 - -3)?
0
Let k(n) = 6*n + 2. Let i be (-2)/8 + (-3)/4. Let z = i + 3. Calculate the remainder when k(z) is divided by 8.
6
Let m = 1 + 1. Suppose m*k = -3*k + 55. Let w = -20 - -51. What is the remainder when w is divided by k?
9
Let s(c) = 131*c**3 - 2*c**2 + 3*c - 2. What is the remainder when s(1) is divided by 33?
31
Let o = 102 - 66. Let x be ((-20)/12)/(1/(-3)). Suppose c - x*c + o = 0. What is the remainder when 17 is divided by c?
8
Suppose 5*y - y = 0. What is the remainder when 25 is divided by (y - -1*11) + 2?
12
Suppose 0 = 5*m + s - 34 - 168, -3*m = -3*s - 114. What is the remainder when m is divided by 14?
12
Calculate the remainder when 20 - (-3)/(-3 + 4) is divided by 8.
7
Suppose -7 = 4*k + i - 52, 5*k + 2*i - 54 = 0. What is the remainder when 20 is divided by k?
8
Let c(m) = m**2 + 13*m + 19. Suppose z - 4*u = -14 + 6, -2*u - 4 = 0. Calculate the remainder when c(z) is divided by 23.
21
Let a = 0 + 2. Let h be (-20)/16 + 1/4. What is the remainder when 32 is divided by h*34/(a + -4)?
15
Let q(j) = -j + 6. Calculate the remainder when 30 is divided by q(-5).
8
Let r be (3 - -1)/(2*1). Suppose -36 = -2*c - r*c. Calculate the remainder when (-1)/2*-2*17 is divided by c.
8
Let v be 6/(-4) + (-63)/(-18). Let n(w) = w**3 + w**2 + w - 2. What is the remainder when n(v) is divided by 5?
2
Suppose 7 = 2*c + o, -5*o + 2*o = 2*c - 17. Suppose w = 2*u - 4, 0 = -6*u + 3*u - 5*w + 6. Calculate the remainder when u is divided by c.
0
Suppose -2*y + 2 = -104. Let q(f) = 6*f - 6. Calculate the remainder when y is divided by q(4).
17
Suppose -2*r - 3*r + 140 = 0. Let s = -4 + 2. Let u(i) = 3*i**2 + i. What is the remainder when r is divided by u(s)?
8
Let z = 9 + -24. Calculate the remainder when 6 is divided by (-4)/(-6) - 50/z.
2
Let i = -10 - -11. Calculate the remainder when 1 is divided by i.
0
Suppose 0 = 3*s - 85 - 332. Calculate the remainder when s is divided by 35.
34
Suppose 3*y = -22 + 4. Let j(i) = -8*i - 6. Let g be j(y). Suppose -5*b + g = -2*b. What is the remainder when 27 is divided by b?
13
Let t(c) = 3*c + 15. What is the remainder when t(12) is divided by 13?
12
Suppose 4*r - 9 = 7. Suppose -4*p = -8 - r. What is the remainder when 3 is divided by p?
0
Let j(h) = h**2 - h + 1. Let d be j(2). Let n = -1 + d. What is the remainder when n is divided by 2?
0
Suppose 4*z + 73 = 5*g - 0*g, -5*z + 55 = 5*g. What is the remainder when 48 is divided by g?
9
Let a be (-9)/(-3) - (1 - 3). Suppose 1 = -d + 4*w, -41 = -a*d + w + 30. Calculate the remainder when 44 is divided by d.
14
Let j(c) = c**3 - 6*c**2 + 5*c + 2. Suppose 5*k = 25, -2 + 19 = 2*q - k. Let d = 17 - q. Calculate the remainder when j(d) is divided by 11.
10
Suppose -i + 10 = 4*i. Suppose -a + 4 = 2. Calculate the remainder when a is divided by i.
0
Let j = 6 - 4. What is the remainder when (-41 - 1)/(-1*j) is divided by 11?
10
Let k(o) = -6*o - 4. Suppose -35 = -3*m + 8*m. Let s = 35 - 22. What is the remainder when k(m) is divided by s?
12
Let z be -11 + -1 + -1 + 3. Let g(l) = -l**2 - 10*l + 8. Let a be g(z). Let s(n) = n**2 - 4*n + 5. Calculate the remainder when s(a) is divided by 19.
18
Let u(f) = 3*f + 7. Suppose -5*v - 5*b - 40 = 0, 2*b = b - 1. Let a be u(v). Calculate the remainder when (-35 - 0)*12/a is divided by 11.
8
Let l = 6 + 0. Calculate the remainder when l is divided by 3/(-2)*32/(-16).
0
Suppose 3*r - 9 = 9. Calculate the remainder when 10 is divided by r.
4
Suppose 57 = -2*l + 5*l. What is the remainder when 56 is divided by l?
18
Let i = 98 - 94. Calculate the remainder when 15 is divided by i.
3
Suppose -5*i - 499 = 2*h + 193, 555 = -4*i - 3*h. Let l = i + 197. Calculate the remainder when l is divided by 20.
19
Suppose -42 = -4*w + 2*w. Suppose -g = -0 - 8. Calculate the remainder when w is divided by g.
5
What is the remainder when (-264)/(-15) + 4/10 is divided by 1/3*(6 - -15)?
4
Let l be ((-2)/(-4))/((-2)/(-52)). Suppose -12 - 18 = 5*p. Let w = p + l. Calculate the remainder when 20 is divided by w.
6
Suppose -p = -4*y + p + 82, -2*y + 2*p = -44. What is the remainder when 56 is divided by y?
18
Let b = -13 + 19. Calculate the remainder when b is divided by 1/((-4)/6)*-2.
0
Let q = 4 + 2. Let m = -10 + 74. Suppose 0 = -g - 3*g + m. What is the remainder when g is divided by q?
4
Suppose 0 = -w + 4*p + 39, 7*w - 2*w - 145 = -5*p. Suppose -2*v + 37 = 13. What is the remainder when w is divided by v?
7
Let r be (-106)/(2 - 2 - 1). Suppose -4*d + 2*d + 6 = 0. Suppose -7*o + 105 = -d*o - 3*y, 4*o - r = 2*y. What is the remainder when o is divided by 14?
13
Suppose 3*m - 6*m = -66. Let w = -12 + m. Calculate the remainder when 19 is divided by w.
9
Let b = 194 + -155. Calculate the remainder when b is divided by 23.
16
Let d be (-6)/4*(-20)/6. Suppose 7*m - 2*m + d*r - 10 = 0, 0 = r. Calculate the remainder when m is divided by (1/(-3))/(6/72*-2).
0
Suppose -3*o + 105 = -5*m + 34, -2*o - m = -43. Let z = o + -15. Suppose 0 = c + 2*v - 25, 0*c + 26 = 2*c - 4*v. Calculate the remainder when c is divided by z.
5
Let w(t) = t**2 - 8*t - 14. What is the remainder when 21 is divided by w(10)?
3
Let c = -28 - -12. Suppose s = z - 26, -s - 81 = -5*z + 61. Let n = z + c. Calculate the remainder when n is divided by 7.
6
Calculate the remainder when 24*(0 - (-52)/16) is divided by 21 + (1 + -2)/1.
18
Let m = 3 - -3. What is the remainder when 23 is divided by m?
5
Let w be 0/(-1*2/2). Suppose 87 = r + 4*r + h, -2*r + 2*h + 42 = 0. Calculate the remainder when r is divided by 3 + -2 - -6 - w.
4
Suppose 10 = -5*i, 0*j - 2*j + 2*i = -46. Let r = -25 + 66. Calculate the remainder when r is divided by j.
20
Suppose -1 = -0*m - m. Let l = 6 - m. Suppose 0 = -d + l*d - 80. What is the remainder when 38 is divided by d?
18
Let o(x) = -x + 7. Let b be ((-8)/12)/(4/(-42)). Let z(v) = v**3 - 7*v**2 + v - 6. What is the remainder when o(6) is divided by z(b)?
0
Let z = 100 + -77. Calculate the remainder when 111 is divided by z.
19
Let c = 14 + -6. Let m be 8/(-20) + 4/10. Suppose m*v = v - c. What is the remainder when v is divided by 3?
2
Let f = -10 - -24. Suppose f = 2*n + 6. What is the remainder when 44 is divided by (2 - -8)/(n/6)?
14
Suppose -5*b + 2*b - 16 = 5*z, 2*b = -4*z - 10. What is the remainder when 11 is divided by -3 - b - (-1 + 1)?
3
Let g = -3 + 3. Suppose 4*w + 4 = g, -101 = -4*t + w + 4*w. Calculate the remainder when 70 is divided by t.
22
Suppose -6*g - 12 = t - g, 2*g = 5*t - 21. Suppose 0 = h - t + 5. Let x(a) = a + 4. What is the remainder when x(h) is divided by 2?
0
Let z(d) = -d**2 + 5*d. Suppose 0 = a - 4. Let h = 0 + a. What is the remainder when 10 is divided by z(h)?
2
Suppose -5*r - 3*v + 6*v = -16, 5*r = -4*v + 37. Let s = r - -8. What is the remainder when (35 + 1)/(3/2) is divided by s?
11
Let t(s) = s**3 + 6*s**2 + 5*s + 1. Suppose 0 = v - i + 4, -3*v + 2*i = -2*v + 4. Calculate the remainder when 37 is divided by t(v).
11
Let s = 16 - -18. What is the remainder when s is divided by 12?
10
Let c(s) = -s - 3. Let l be c(-9). Suppose 0 = 3*g - l*g + 30. Calculate the remainder when g is divided by 6.
4
Let m = -3 + 5. Suppose 175 = 5*j + m*j. What is the remainder when 72 is divided by j?
22
Let c(n) = n**3 + 2*n**2 + 2*n + 2. Calculate the remainder when c(3) is divided by 14.
11
Suppose h = -17 + 25. Let s(f) = 3*f**2 - 2*f - 4. Calculate the remainder when s(-3) is divided by h.
5
What is the remainder when -2 - 29/(-4)*(8 + -4) is divided by 6?
3
Suppose -t + x = -5*t + 27, 5*x = 4*t - 57. Let q(m) = 2*m - 7. Calculate the remainder when 26 is divided by q(t).
8
Let f(k) = 5*k**3 + k. Let c be 2*3/(0 + 3). Let s be f(c). Let y = s + -29. Calculate the remainder when 51 is divided by y.
12
Let a(g) = 4*g - 4. Let n(o) = -o. Let f be n(-3). Suppose 0 = -3*c + 19 - 4. What is the remainder when a(f) is divided by c?
3
Let c(v) = 4*v**2 + v + 3. Let o be c(3). Suppose l - o = -2*l. Calculate the remainder when 26 is divided by l.
12
Let a be (-9)/(-3)*1 - 1. Suppose -a*r = -5*r + 168. Calculate the remainder when r is divided by 19.
18
Suppose -807 - 573 = -5*y. Suppose 3*c + 134 = 2*o, o - 5*o = -2*c - y. Calculate the remainder when o is divided by 18.
16
Let t(u) = u**3 + 6*u**2 - 2*u - 8. Let k be t(-